 + 7 + 0 + 0 + -2?
0
What is -2 - -4 - (-1 + 5)?
-2
Calculate 1 - (-2 - (-5 + 2)).
0
Calculate -1 + (-6 - -1) - (-2 + 0).
-4
Evaluate 0 + 8 - (-21 - -27).
2
What is the value of 4 - (7 + -4 + 1)?
0
Calculate -2 + -3 + (4 - (4 + -6)).
1
Evaluate (3 - (-4 + 1)) + -2.
4
What is the value of -7 + (-8 - -17) + -2?
0
What is the value of -3 - (-13 - -7) - 6?
-3
What is the value of -1 - (2 - (-2 + 2 + 5))?
2
Calculate -14 + 17 + 1 + 1.
5
Calculate (-4 + 3 - -5) + -6 + -1.
-3
What is 0 - (-3 + (0 - -4))?
-1
2 - 5 - (-36 + 26)
7
Calculate -2 - -4 - -1 - (50 - 44).
-3
What is 0 + (1 - (-6 - -7))?
0
Evaluate 1 + 6 + (6 - 4).
9
What is -4 - (2 + -2 + -6)?
2
What is the value of (0 - (2 - 12)) + -4?
6
What is -9 + (2 - 5 - -3) + 4?
-5
Evaluate (11 - (3 + 1)) + -8.
-1
Calculate (8 - (8 + -2)) + 1.
3
Evaluate -3 + 10 - (8 - 1).
0
2 - (1 + 3 + (-3 - 3))
4
Evaluate -3 + (-4 - (-11 - -3)).
1
2 + 2 + (17 - 27)
-6
Calculate 22 + -31 - (-3 + 1 - 0).
-7
What is -2 + 10 + -3 - 5?
0
Calculate -14 - -6 - ((-12 - -6) + 1).
-3
What is the value of -2 - -1 - (19 - 25)?
5
Calculate -2 + 2 - (1 - -2).
-3
What is the value of (-6 + -11 - -10) + 15?
8
What is (-23 - -13) + 14 + 0 + -6?
-2
Evaluate -2 + 5 - (12 - 6).
-3
What is -10 + 7 + (1 - 2)?
-4
What is 2 + -2 + 0 + 0?
0
What is the value of 6 - ((-2 - -5) + (-6 - -5))?
4
What is the value of 3 + -7 + 21 + 16 + -24?
9
Calculate -5 + 0 - (-7 - (1 + -1)).
2
What is the value of 2 - (-3 - 1 - -2) - -3?
7
What is 1 + -2 - ((12 - 3) + -10)?
0
Evaluate (7 - -1) + (-1 + 7 - 6).
8
What is -7 - (-2 + 9 + -9) - 6?
-11
What is the value of -13 + -7 + 24 - 1?
3
Evaluate 2 + (4 + -2 - (-12 + 10)).
6
3 + ((-5 - -6) + -2 - 3)
-1
Evaluate 2 + 0 - 2 - 3.
-3
Calculate 1 - ((7 - -1) + -1 - 4).
-2
Evaluate -4 - ((-3 - -10) + -5) - -2.
-4
Calculate (-1 - (2 + -6 + -6)) + -16.
-7
What is 4 + -6 + (4 - 4)?
-2
What is -2 - -6 - (5 + 0) - -2?
1
What is the value of (-8 - -8) + (11 - -2) + -6?
7
Calculate -4 - (0 + -12 - (-3 - 1)).
4
What is the value of (1 - -2) + (1 - 2)?
2
Evaluate (3 - (2 + 5)) + 0.
-4
What is the value of -1 - 4 - (-12 + (4 - -4))?
-1
3 + (-3 - (0 + 0) - -5)
5
What is the value of -2 + -8 - (1 - 9 - -5)?
-7
What is the value of -1 - (4 - 3 - 3 - -5)?
-4
Evaluate (24 - (20 + -7)) + -5.
6
What is 83 + -88 - (-12 - -2)?
5
What is the value of -2 + -2 + (-23 - -22)?
-5
8 - ((-14 - -16) + -4 + 0)
10
-1 - (3 + -1 + -2)
-1
Calculate 1 - (7 - (-1 + (3 - 1))).
-5
What is the value of -3 - (-12 - (7 - 13))?
3
Calculate (-4 - -2) + -3 - -2.
-3
Evaluate (-8 - (4 + -15)) + 2 + -1.
4
(-2 - (-7 - -7)) + -4
-6
Evaluate (0 - (-2 - 2)) + -4.
0
What is (2 + -1 - -4) + -3?
2
-5 - (10 - 8) - (-5 + 1)
-3
What is (2 - -1) + (-18 - -10)?
-5
Calculate -5 - (-9 - -5) - (-4 - 1).
4
Calculate (20 - 17) + (1 - 3) - -3.
4
Evaluate -4 + (-1 + 7 + 4 - 6).
0
Calculate 0 - (-1 - -5 - (-20 - -20)).
-4
Evaluate -3 + 1 - (-2 - 4).
4
Calculate (-4 - -5) + 0 - -1.
2
Evaluate -2 + (3 - (3 + 2)).
-4
What is -18 + 6 - -9 - -1?
-2
Evaluate -4 - (2 + -6 - 2).
2
Calculate 6 - 6 - (-3 + 2 + 5).
-4
What is the value of -21 - -11 - (3 + -4 + 0)?
-9
What is the value of -2 - (6 + -3) - (5 + -8)?
-2
Evaluate (0 - (12 + -5)) + 5.
-2
What is the value of 0 + 3 - (0 + -3 + 8)?
-2
-4 + 5 + -2 + 2
1
Calculate 2 + 2 + 12 + 5 + -20.
1
-2 - (2 + 0 - 3)
-1
Evaluate 5 - -1 - (4 + 6).
-4
Evaluate -4 + 1 + (-11 - -19).
5
Calculate 0 + -2 - (-12 + 10).
0
What is the value of (5 - 0) + (5 - (2 - -4))?
4
Calculate 6 + (-1 - (-8 - -14)).
-1
Calculate -5 + (7 - 2) - -3.
3
Calculate -13 + (2 - 6 - (-5 + -4)).
-8
-6 - ((13 - 4) + -6 + -9)
0
Evaluate -4 + (4 - 6) - -7.
1
What is (5 - 12) + 8 - -2?
3
Calculate -14 + 9 + 0 + 2.
-3
Calculate (-11 - -14) + 4 - 13.
-6
Evaluate 3 + (-26 - -13 - -13).
3
Evaluate -6 - (-22 + (9 - -1)).
6
-3 - (1 + -2 - -3)
-5
Evaluate 2 - (-3 - 1 - (3 - 5)).
4
What is (3 - (-4 - (4 + -4))) + -4?
3
What is -3 + (3 - 8 - -15)?
7
What is the value of 13 + (-12 + 5 - -1)?
7
-3 + (8 - (-1 + 3 - 1))
4
Evaluate -5 + -1 + (3 - 3).
-6
What is the value of 0 - (-1 + -1) - (23 + -26)?
5
Calculate 6 + 7 + -14 + 6.
5
Evaluate -11 + 1 - (-23 - -17).
-4
What is 2 + (-6 - (-15 - -4) - 9)?
-2
-13 + 8 + 1 + 8
4
Evaluate -69 + 77 + (-14 - -1).
-5
What is the value of (-20 + 22 - (2 + 5)) + 0?
-5
Evaluate 3 - ((1 - (1 + -6)) + -3).
0
What is the value of 6 + (4 - 11) + 4?
3
Calculate (4 - (5 + 1)) + (-2 - 0).
-4
What is the value of -1 + 0 - 4 - 2?
-7
Calculate -3 - (7 - (0 + 6)).
-4
Calculate (6 - (2 + -1)) + -5.
0
Calculate (-11 - (-2 - 9)) + -3 + 6.
3
Evaluate 2 + -4 + (6 - 0 - 4).
0
5 - 3 - (-3 + 3 + 0)
2
3 + (-8 - -7 - 10)
-8
-2 + 0 + 2 + (22 - 16)
6
Calculate (7 - 0) + (1 - (4 - 0)).
4
What is -6 + (-3 - -5) - (0 + -10)?
6
What is the value of 4 - (-1 + (1 + 7 - 2))?
-1
What is the value of (-8 - -6 - -6) + 1?
5
-17 + 4 + 2 + 2
-9
What is the value of 6 + 1 - (3 - -1)?
3
Calculate -4 - -5 - -3 - -1 - 4.
1
What is (-50 - -52) + (1 - 5)?
-2
What is the value of (-2 - -1) + 3 + (-1 - -3)?
4
What is the value of (-6 - 4) + 3 + 14?
7
What is the value of 9 + -12 + (2 - -3) + -4?
-2
What is the value of -7 - -10 - (9 + -2)?
-4
Calculate 5 + (-16 - (3 - 9)).
-5
What is the value of 0 - 2 - 1 - (-2 - -1)?
-2
Calculate -3 + -1 + (-1 - -3) + -1.
-3
-3 + (-1 - 5) + 5
-4
What is the value of -114 + 118 + (-1 - 1)?
2
What is the value of -5 - -1 - (-4 - 1)?
1
8 + (-10 - -4) + -1
1
What is 4 - 8 - ((0 - 2) + 1)?
-3
Calculate 1 + -1 + 6 + -6.
0
Calculate 0 - -6 - (217 + -213).
2
What is the value of -8 + (-4 - (5 + -11))?
-6
Calculate 5 + -1 + -1 - 1.
2
Evaluate -2 + -1 + -3 + 1 - -12.
7
What is 6 - 12 - -6 - -2?
2
1 - 8 - (-41 - -36)
-2
Evaluate 54 + -66 + 6 + -1.
-7
What is 1 - -3 - (-6 + 11 - 2)?
1
4 + 7 + 1 + -6 + -4
2
What is 2 + 1 + (-6 - -2)?
-1
-3 - (8 - (16 - 9))
-4
Evaluate (-3 - -4) + 1 + 0 - 5.
-3
What is the value of (-1 - 0) + (-7 - (-4 + -4))?
0
Calculate 3 + (-2 - 2) - -1.
0
What is -3 + -1 + 0 + 2?
-2
(-2 - -3 - 2) + -3 - -9
5
Calculate -124 + 125 + 3 + -1.
3
Evaluate 5 + (0 - (7 + (2 - 9))).
5
13 + (-2 - -14) + -20
5
Calculate 3 - 1 - (0 - -5).
-3
What is the value of -5 + 0 + 2 + (-3 - -2)?
-4
What is the value of 15 + -20 + (17 - (0 - -2))?
10
(0 - 2) + 4 - (-1 + -3)
6
What is (-7 - -6 - -6) + -7 + -1?
-3
1 + (9 - 5) + -3
2
Calculate 3 - (2 - 1) - 0.
2
-5 - (-3 - 4) - 5
-3
What is -7 - (4 + -5) - -7?
1
What is (-4 - -4) + (-2 - -2)?
0
(1 + -5 + 8 - 11) + 11
4
Evaluate 4 + -3 + (3 - (10 - 3)).
-3
Evaluate -8 + -6 + 12 - 3.
-5
What is the value of -4 + 4 - 4 - -7?
3
-7 + (-9 - (8 + -28))
4
What is 4 - (2 + -4) - (-2 - -5)?
3
What is -4 - (6 - 7) - 1?
-4
What is the value of (14 - 19) + (3 - 0)?
-2
7 + -18 + 14 + -6
-3
Evaluate -1 + (-5 - (2 + -4)).
-4
What is the value of 4 - (-9 + 6 - -6)?
1
What is the value of -9 - (-8 + (11 - 7)) - -1?
-4
(-73 - -63) + -2 + (7 - -2)
-3
1 + -3 + -2 + 6 + -1
1
(5 + -1 - 9) + 0 + 1
-4
-13 + 24 + (-4 - 2)
5
Evaluate 6 - (-12 + -5 + 18).
5
What is 10 + -9 + -7 + -1?
-7
What is 9 - (2 - (1 - 3))?
5
What is the value of -2 - (23 - 27 - (4 - 1))?
5
(1 - -2) + 0 - 4
-1
(-8 - -3) + 3 + (4 - 3)
-1
2 + (-2 + -1 + -2 - -3)
0
Evaluate (2 - -9 - 6) + (-8 - -3).
0
Calculate 14 - (-4 - (6 + -21)).
3
What is 3 + (0 - (-2 - -4)) - -1?
2
Evaluate (-11 - (-9 + 4)) + (21 - 18).
-3
Evaluate -3 - (1 + -5 + 1).
0
Evaluate (0 + 0 - -5) + (9 - 11).
3
2 + -12 - (8 - 15)
-3
Evaluate 6 - (4 - (-1 + 4)).
5
What is the value of -2 - (9 + -9) - (1 + -9)?
6
What is (0 - 1) + (-2 - 0) + 2?
-1
Calculate -2 - (-1 + -1 - -5).
-5
Evaluate (1 - -2) + 12 + -1 + -9.
5
What is the value of -1 - 2 - (12 + -6 - 15)?
6
-20 + 10 + 2 + 1
-7
Calculate 11 + -6 - (1 + 0).
4
What is the value of -2 - ((0 - -1) + 4)?
-7
What is (-2 - (2 + -4)) + (2 - 4)?
-2
What is 2 - (3 - 3 - 1 - 1)?
4
What is (0 - 0) + (-4 - -6) - 4?
-2
What is 2 - ((-2 - -1) + (9 - 13))?
7
What is -10 + 11 - (1 + -1) - 2?
-1
-8 - (0 + -6) - -1
-1
23 - 18 - (1 - -8)
-4
What is 9 + (6 + -4 - 8)?
3
What is 1 + (0 - -6) - (-114 + 118)?
3
Calculate ((2 - 1) + 1 - 4) + 0.
-2
-8 + 13 + -6 - (-5 - 0)
4
Evaluate 1 + (-4 + 4 - 8).
-7
-2 + (-4 - (1 - 3))
-4
What is -1 + 0 - ((-2 - 3) + 3)?
1
What is 6 - (2 + -1 + 2)?
3
Calculate -6 + 0 - (-22 - (-28 - -8)).
-4
Calculate 1 - (-1 + 10) - -2.
-6
-7 - (-6 - (-8 + 4))
-5
What is (1 -